-86)).
-38
Evaluate -25 - (-35 + -14 + -20).
44
What is the value of 271 + -237 + 5 + -3 + 2 + 1?
39
Calculate -1 + ((-8 - -11) + -8 - -18) + 2 + -15.
-1
What is the value of (790 - 723) + 24 + 12?
103
-55 + (8 - (-2 + (0 + 4 - -7)))
-56
What is the value of 6 - (16 + 87 + -36)?
-61
Calculate 0 - (15 - 7) - (529 + -526).
-11
What is the value of -10 - (-11 + 8 + -25) - (-6 - 0)?
24
What is the value of 7 + (2 - 1 - 33) + (-2 - -9)?
-18
What is the value of 17 - (60 + (21 - (5 + 4)))?
-55
What is -1 + ((-13 - ((-1 - 10) + 1)) + -1 - -43)?
38
What is (9 - (-1 + (5 - 3))) + (9 - -43) + 1?
61
-4 + -7 - (-35 + 5) - 5
14
-50 - -14 - (-7 + (0 - 7))
-22
Evaluate -177 - (-153 - (-183 - -127)).
-80
(0 - 5) + (-8 - -24) + 0 + 31
42
Calculate (37 - (7 + 23) - (-1 + 13)) + (-3 - -33).
25
Calculate 24 + 5 - (-60 - (-46 - -23)).
66
What is the value of 12 - 0 - (-15 - -73)?
-46
-14 + (7 - 5) + -3
-15
What is -39 + -7 + 215 + -81?
88
42 - (45 + 26 - 87 - (1 + 1 - 8))
52
-27 + (-25 + 44 - -15) - (96 + 2)
-91
55 + (8 - (-2 + (-2 - 0 - -21)))
46
What is the value of 11 - ((22 + -25 - -73) + -9)?
-50
(1 - 8) + 0 + 50 + -47 + -16
-20
What is -45 + (-57 - -59) + (6 - -1)?
-36
Calculate -27 + 38 - 15 - (18 + -2) - 36.
-56
Evaluate 5 + -63 + (80 - (99 - 30)).
-47
What is 1 - (2 + 1) - (8 + (-12 - (9 - 42)))?
-31
What is the value of (-10 - 5) + 1 + 6 + -1 + -10?
-19
Calculate 7 + (-192 - -189 - (1 + 83)) - 3.
-83
-55 - (-229 - -87) - (-4 + 40)
51
5 + -71 - (93 + -104)
-55
51 + -60 + -88 + 39 + (0 - (-1 - -3))
-60
Calculate (131 - 131 - (21 - (-1 + 0))) + 11 + 36.
25
Evaluate -4 + -22 + 31 - (35 + -4 + 9).
-35
Calculate -12 + (-11 - (-6 + 6 - (-6 - (8 - 36)))).
-1
What is the value of -14 + (-70 - (44 - 8))?
-120
What is 3 + (-19 - (6 - -14) - 1)?
-37
What is the value of (26 + 10 + -10 - 122) + 40?
-56
-36 - (4 - (3 + -13 + 16 + -7))
-41
What is -128 + 10 - (-614 + 376)?
120
-4 - (7 - (-4 - -42) - (7 - 26))
8
Evaluate -15 - -3 - (-2 - -37 - (-41 + 46)).
-42
Evaluate 17 + -3 + (-2 - 15) + 5 + 0.
2
-13 + (-11 - -7) + (-54 - (-1 + -8))
-62
Evaluate -8 + (-3 + 37 - (-1 - (2 - (-4 - -12)))).
21
Calculate -28 + (9 - (-71 - -56) - (-1 - -16)).
-19
Evaluate -32 - (-1 - (6 - (-27 + 27))).
-25
Evaluate 2 + -77 + -1 + 58 + -43.
-61
What is -2 + 0 + 693 + -693 + -28?
-30
What is the value of (19 + -10 - 5) + 38 - (8 + -1 + 1)?
34
What is -8 - (-1 - 3) - 3 - (321 - 306)?
-22
What is the value of 79 + (-13 - 52) - (-1 + (-9 - 1))?
25
Calculate -3 - (-26 + (-4 - 0)) - (562 - 554) - -13.
32
Evaluate -253 + 199 + 8 + -69 + -2.
-117
0 + 67 - (50 + -48 + 12)
53
What is -24 + 1 + (43 - 94 - -13 - -36)?
-25
What is the value of -4 + (-9 - -11) + (13 - (5 - 19))?
25
Evaluate -33 - (-89 + -69 + 101).
24
Calculate 38 + -81 + (43 - 37).
-37
What is the value of -45 + (13 - (-20 + 15)) + -11?
-38
Evaluate 20 - (-41 + 27) - (-9 + 3).
40
What is (5 - (-9 - (-3 - 1))) + -64 + 4 + -4?
-54
What is -3 - -65 - (540 - 500)?
22
Calculate -1 + 26 + (427 - 140) + -237.
75
What is 64 - 81 - (-3 - 30) - (3 - 31)?
44
Evaluate -11 + (39 - 15 - (9 + 1)).
3
-39 + 1 + 18 + (-13 + 1 - (181 - 186))
-27
What is (87 - 90) + (-25 - 67) + 1 + 2 + 1?
-91
Evaluate 2139 + -2125 - ((0 - 0) + (9 - 2)).
7
What is -3 + (71 - (36 + -40 + 31))?
41
What is the value of -54 + 74 + -38 + 52?
34
What is (1 - -22) + 122 + -54 + -80?
11
What is 15 + -45 + 30 + -1 + 18 - 12?
5
Evaluate 41 - 1 - (5 - (1 - -10)).
46
What is -32 + (-57 - (-19 + (-32 - -84)))?
-122
What is the value of 15 + -4 + (7 - (0 - 3 - -3))?
18
Calculate (23 + (-31 - -14) - 5) + 4 + (-32 - 0).
-27
What is the value of (0 - 96) + (289 + -277 - 9)?
-93
-24 + (24 - 0) - (13 + 12)
-25
-32 + -57 + 93 - -47
51
-33 + (-5 - -33) - (69 - -11)
-85
-100 - (10 - 56 - 2)
-52
Calculate (-23 - -33) + (4 - 6).
8
1 + 1 + 0 + 107 + (396 - 386)
119
Calculate 15 + -9 + (-1 - -3) + (-452 - -408).
-36
Evaluate (2 - (1 + -3)) + -2 + -75 + (57 - 33).
-49
What is the value of 37 + 1 - (-4 + 12 - (38 - 22))?
46
-133 + -15 + 18 + 20 + 11 - 8
-107
What is (-2 - 14) + (-3 + 0 - (11 - 12)) + -4?
-22
Evaluate 29 + 28 + -49 - -27 - 31.
4
1 + (-5 - 23) + (-12 - -56)
17
Evaluate 32 + -113 - (-108 - -7).
20
What is -21 - (-50 + (-51 - -30))?
50
Evaluate -121 - (-216 + -81 - -133).
43
What is the value of 84 - (22 - (-22 - -5))?
45
18 + 6 + 4 + (-17 - -3) + -25
-11
Calculate (-21 - 0) + -88 + 38.
-71
What is 112 - 0 - (-79 + 183)?
8
What is the value of 80 + (29 - (100 + -5))?
14
What is -19 + (-12 + 18 - -10) + 18 - -32?
47
10 + -54 + (-103 - -171)
24
What is (0 - (-18 + 28) - (18 + 4)) + -5?
-37
Calculate (-140 - -127) + (-1 + 67 - 7 - (-1 + 9)).
38
-32 - (-6 + 48 + -98)
24
What is 51808 + -51712 + 2 + -32 + -1?
65
What is the value of -214 + -54 + 149 + (2 - -19)?
-98
Calculate 6 + (11 + 1 - 11) + -14.
-7
What is (-1 - -22) + -11 + -20 + 4?
-6
What is the value of -6 + -69 + 81 + -86?
-80
Evaluate (2 - (2 - -8) - -2) + (-129 - (9 + -27)).
-117
Evaluate (18 - -15 - 45 - 6) + 66.
48
Calculate -67 + (54 - -29) + -1.
15
Calculate -4 + 1 + 1 + 9 + -17 + -1 - 81.
-92
What is 41 - (-58 - -146) - -41?
-6
(-12 - -10 - -14) + (-94 - (22 + -7))
-97
Evaluate -10 - (-8 - 2 - (-58 - -58)).
0
Calculate -5 - ((-17 - -2) + (-70 - -68)).
12
Calculate 43 + -54 - (4 - (-6 - -7 - 3)).
-17
29 - (-5 + 31) - (-6 + 6 + 148)
-145
What is the value of 37 + -6 + -2 + -7 + 18 + 6 + -1?
45
What is the value of (18 - 63) + (-3 - -22 - 14)?
-40
What is (10 - 6) + (18 - (-7 + -2))?
31
Calculate 23 - (3 + -26 + 14) - 11.
21
What is the value of (-45 - -10) + 48 - (0 - -73 - 1)?
-59
Evaluate -108 + 25 + 47 - (0 - 23).
-13
Calculate (729 - 660) + (2 - 2).
69
Evaluate 17 + -200 + 214 + (-3 - 47).
-19
-1 + 10 + -20 + 9 - 47
-49
(-14 - (86 - 89)) + (59 - (-2 + 2))
48
Evaluate (4 - 3) + -17 + (3 + 2 - -7).
-4
What is the value of -2 + 2 + (-10 + -1 - 11 - -14)?
-8
Evaluate (14 - -26 - -34) + -89.
-15
What is the value of 26 + -34 + -43 + 90?
39
What is -12 + -28 - (-7 + (-9 - -4) + -1)?
-27
3 + -4 - (-29 - (14 - 53))
-11
What is (2343 - 2387) + (-72 - 5)?
-121
What is -25 - -83 - (3 + -7 - -4) - 2?
56
What is -60 + 13 + 18 + 11?
-18
What is -9249 + 9223 - (1 + -17 - 2)?
-8
Evaluate 41 - (32 - 9) - 70 - (-1 + -13).
-38
What is (-25 - -9) + (-189 - -193)?
-12
Calculate 37 - (115 + -81 - 154).
157
15 + -7 + 51 + -30
29
-151 - (-146 + 125 + -40)
-90
Calculate -22 + 61 + -5 + -147.
-113
Evaluate -15 + (20 - (73 + 6) - -25).
-49
What is the value of -73 + ((17 - 15) + -49 - -31)?
-89
34 + 22 + (147 - 257)
-54
Evaluate 8 + (-26 + 5 - -4 - -6) + 2 - 1.
-2
Evaluate (-10 - 15) + -15 - (45 + -42).
-43
(1 - 8) + (-31 - -6) + 0 + 12
-20
(-96 - -49) + -1 + 155 + 0 + 12
119
(-10 - ((-3 - -6 - -5) + -9)) + 58
49
What is (10 - (16 + 1 - 8)) + (-7 - -2) - 12?
-16
Evaluate -8 - (-88 - 12) - (-6 - (5 + -26)).
77
Calculate (1 - -67) + -10730 + 10537.
-125
What is the value of (6 - 21) + (8 - -134 - (18 + -8)) - -7?
124
What is 0 - -55 - (-284 - (22 + -353))?
8
Evaluate 5 + (41 + -50 - (3 + -2)) + 25.
20
Calculate (-65 - -106) + 33 + -69.
5
Evaluate 0 + 7 - ((109 - -4) + -3 + (-6 - -26)).
-123
Calculate 120 - (34 + -21) - (34 + -3).
76
What is (-97 + -8 - (14 + -26)) + (-9 - -10) + -2?
-94
Evaluate 3 - ((45 - (84 + -18)) + (0 - -127)).
-103
(-71 - -4) + 1233 + -1168
-2
Evaluate 74 + (-10 - 35) - ((3 - 4) + -14).
44
-602 + 579 - (20 + 0 + -5)
-38
What is the value of -32 - -43 - (3 + -2 + -27)?
37
Calculate -21 + 46 + -1 - 30.
-6
What is 62 + (-284 - -146) - -20?
-56
Calculate 18 + -31 + 6 - ((10 - 6) + (2 - 126)).
113
-19 + (-12 - -29) + 1 - 19
-20
Calculate 50 + -2 + (-4 - 0) + 1 - (5 + 3).
37
Calculate (48 - (123 - 75)) + 2 + 0 - (1 - 4).
5
Evaluate -124 + 35 + (201 - 58).
54
What is 1 - -54 - (-14 - (-16 + 12 + 5 + -5))?
65
What is the value of -77 - ((-3 - (32 + -7 + -17)) + -6)?
-60
Calculate (6 - (-3 + 6 + 5)) + -4 + 41.
35
What is the value of (-3 - -77 - 13) + 0 + -11 + -1?
49
What is -16 + -5 + (14 - ((12 - 6) + 12))?
-25
What is the value of -20 + (-34 - (48 + -87))?
-15
What is -165 - -177 - (-26 - 2) - 78?
-38
What is the value of 1 + (20 - 1) - (428 + -172 - 159)?
-77
(0 - 0) + (-163 - (30 - 167))
-26
What is the value of (4 - -1 - 26) + -1 + (11 - 1) + 9?
-3
What is (-28 + 100 - 72) + -23?
-23
What is the value of 7 + 24 + -29 - (-10 - 